0, what is -11559 - 3?
-11562
In base 11, what is -2747 + -242?
-2989
In base 3, what is -12 - -22002120112?
22002120100
In base 9, what is -128741 + 5?
-128735
In base 10, what is 29 - 12600?
-12571
In base 3, what is 1120101011 + 22?
1120101110
In base 16, what is a7a - -10?
a8a
In base 15, what is 122 - -13d8?
150a
In base 12, what is -65 + -4198?
-4241
In base 7, what is 0 + 11516?
11516
In base 11, what is -4288 + -175?
-4452
In base 14, what is 359 - 6?
353
In base 16, what is 23 + -9543?
-9520
In base 3, what is 1 - -22211210?
22211211
In base 12, what is 28a + -3?
287
In base 9, what is -2664 - 348?
-3123
In base 9, what is -712 - -31?
-671
In base 2, what is -1110110 + -101011001100110?
-101011011011100
In base 13, what is -2 + -16b0b?
-16b10
In base 3, what is -2202200 - -1?
-2202122
In base 15, what is 13ec9 - -18?
13ee2
In base 2, what is 100000101100010011 + -100?
100000101100001111
In base 3, what is -12 + 222001202?
222001120
In base 5, what is 0 - 210412220?
-210412220
In base 8, what is -1 + -24260?
-24261
In base 13, what is -1835 - 2?
-1837
In base 11, what is -50 + 86a?
81a
In base 8, what is 2455 + 32?
2507
In base 11, what is 61 + -227?
-176
In base 5, what is 1311 - -223?
2034
In base 11, what is 40 - 2469?
-2429
In base 7, what is -14342 - 4?
-14346
In base 16, what is -289 + bd?
-1cc
In base 5, what is -3 - -2041000?
2040442
In base 7, what is -516 + 1562?
1043
In base 4, what is 10110020 + 1210?
10111230
In base 8, what is 1 - -2274?
2275
In base 14, what is 2abc + 89?
2b67
In base 2, what is 10 + -11000001100000100?
-11000001100000010
In base 3, what is 11211212 - -11?
11212000
In base 6, what is 145 + 401?
550
In base 7, what is 1 + -351606?
-351605
In base 11, what is -214 + -16?
-22a
In base 14, what is -1 - -34cb?
34ca
In base 10, what is -2318 - -363?
-1955
In base 4, what is 3 + -131332032?
-131332023
In base 8, what is 0 + -675610?
-675610
In base 15, what is -65 - 4234?
-4299
In base 12, what is -2552 + -5?
-2557
In base 9, what is 24 + -27622?
-27587
In base 2, what is 101111000011 + -11100?
101110100111
In base 11, what is 30 - 4196?
-4166
In base 16, what is 4a + 1405?
144f
In base 8, what is -262 - -6741?
6457
In base 9, what is -1 - 21406?
-21407
In base 10, what is 5245 + 5?
5250
In base 8, what is 720 - -340?
1260
In base 9, what is -5 - -174757?
174752
In base 11, what is -a3 - 11a?
-212
In base 14, what is -18187 + -22?
-181a9
In base 7, what is -1 + 3565404?
3565403
In base 5, what is -312 + -10123?
-10440
In base 7, what is 560 - 1133?
-243
In base 4, what is 1 + -12331103?
-12331102
In base 7, what is -2 + 326163?
326161
In base 5, what is -10111001 - 33?
-10111034
In base 8, what is -26407776 - 4?
-26410002
In base 3, what is 2101 + 102122?
112000
In base 2, what is 1011 + 1011000100111?
1011000110010
In base 10, what is 6 - -7637?
7643
In base 13, what is 48 - -2602?
264a
In base 11, what is 830701 + 3?
830704
In base 12, what is -1592 + 26?
-1568
In base 14, what is 3 + 14389?
1438c
In base 3, what is 1001010210 - 1111?
1001002022
In base 8, what is -23 + 7333?
7310
In base 11, what is 17 - a905?
-a899
In base 15, what is -22a - -251?
26
In base 6, what is -122413 + -1211?
-124024
In base 16, what is 4eb - b?
4e0
In base 13, what is -754b - 42?
-7590
In base 13, what is 7615 - 30?
75b5
In base 7, what is 3115 + 2?
3120
In base 5, what is 1230 + 202?
1432
In base 13, what is 1bb788 - -4?
1bb78c
In base 14, what is -2 - 122306?
-122308
In base 10, what is 1 - -13017?
13018
In base 5, what is 41233204 + -2?
41233202
In base 3, what is -112021010102 - -10?
-112021010022
In base 2, what is -100000 - -110101110101?
110101010101
In base 6, what is -53 + 3050?
2553
In base 8, what is -1603160 - 5?
-1603165
In base 12, what is 5aa0 - -2?
5aa2
In base 2, what is -11000101011111 + -1000?
-11000101100111
In base 10, what is -3 + 110600?
110597
In base 6, what is 2001345 + -5?
2001340
In base 11, what is -3 + 15676?
15673
In base 12, what is 4 - 39372?
-3936a
In base 7, what is -4114431 - -1?
-4114430
In base 5, what is 1 - 3214443?
-3214442
In base 2, what is -1010111 - 111011001010?
-111100100001
In base 4, what is 20133212131 - 3?
20133212122
In base 4, what is -1031 - 11003?
-12100
In base 14, what is 4d + 46d?
4bc
In base 15, what is 6 + -37b2?
-37ab
In base 2, what is -101 - 10100010?
-10100111
In base 16, what is -2c5 + -4?
-2c9
In base 15, what is -1647b3 + 5?
-1647ad
In base 13, what is 331564 - 5?
33155c
In base 9, what is 14828 + 5?
14834
In base 4, what is 21323 - 12301?
3022
In base 4, what is -2212303 - -2102?
-2210201
In base 16, what is 2a8b95 - 3?
2a8b92
In base 4, what is 10010323 + -3?
10010320
In base 13, what is 4 + c4b8?
c4bc
In base 3, what is -12011022122 + 20?
-12011022102
In base 10, what is 13937 + -2?
13935
In base 9, what is -6 - -14131?
14124
In base 15, what is 1cee9 - -1?
1ceea
In base 16, what is -4 + -3bf1?
-3bf5
In base 3, what is -1202010 + -12012?
-1221022
In base 9, what is 4 - 2043741?
-2043736
In base 2, what is -1010101011100011100 + 100?
-1010101011100011000
In base 5, what is -112321 - -30?
-112241
In base 3, what is -21 + 21200220?
21200122
In base 14, what is -283c1 + -1?
-283c2
In base 7, what is 263516 - -4?
263523
In base 9, what is 0 + 1007101?
1007101
In base 5, what is -13 + 232322?
232304
In base 5, what is -2 - 1101201?
-1101203
In base 10, what is 39 - 82706?
-82667
In base 2, what is -100 - -11001011001?
11001010101
In base 15, what is 10 + -13d?
-12d
In base 6, what is 3332512 + 0?
3332512
In base 12, what is -37 + 6308?
6291
In base 3, what is 12202012001 - 111?
12202011120
In base 5, what is -244111 + 4?
-244102
In base 15, what is -3c82 + -5?
-3c87
In base 5, what is 10312234240 + -3?
10312234232
In base 5, what is -1 - 1144143?
-1144144
In base 4, what is -101 + -113130?
-113231
In base 15, what is -4 + 137a14?
137a10
In base 8, what is -5 + 16752?
16745
In base 3, what is -11 + 102212112?
102212101
In base 13, what is 206274 + 4?
206278
In base 3, what is -201211011 - 0?
-201211011
In base 7, what is 166416 + 13?
166432
In base 6, what is 555333 + -1?
555332
In base 5, what is -3044 - 1342?
-4441
In base 12, what is -355190 + 4?
-355188
In base 14, what is -1637 - 30?
-1667
In base 8, what is -215 - -16306?
16071
In base 6, what is 3 - -131125?
131132
In base 10, what is -120 - 278?
-398
In base 11, what is -15 - -1670?
1656
In base 14, what is 29b + 25?
2c2
In base 14, what is -5101 + 11?
-50d0
In base 10, what is -19 - 133?
-152
In base 13, what is -1a6 - -7988?
77b2
In base 6, what is 22550 - 3500?
15050
In base 10, what is 345 - -164?
509
In base 2, what is -1111101110111111101 + 1?
-1111101110111111100
In base 11, what is -2 + 28629a?
286298
In base 14, what is -41 + -208?
-249
In base 8, what is 1362 - 2710?
-1326
In base 16, what is -1 + 30618?
30617
In base 16, what is -105 - 2c5?
-3ca
In base 15, what is -2ac6e - -4?
-2ac6a
In base 12, what is -1 - -3250?
324b
In base 5, what is -3 + -123323031?
-123323034
In base 8, what is -4 + 271044?
271040
In base 11, what is 5 - 10259?
-10254
In base 7, what is 111 + 33140?
33251
In base 7, what is -20352 - -56?
-20263
In base 11, what is 17 + 5663?
567a
In base 9, what is -817 + 1256?
338
In base 3, what is -1011 + 12102?
11021
In base 7, what is -13 - 2664?
-3010
In base 13, what is 68 + -748?
-6b0
In base 15, what is 562 + -3d?
524
In base 4, what is 0 + 102333022?
102333022
In base 10, what is 2347 + 38?
2385
In base 14, what is -27782 - -13?
-2776d
In base 2, what is 1100000110 - 1101000000?
-111010
In base 13, what is 49a9 + -7?
49a2
In base 11, what is 516252 + 2?
516254
In base 7, what is -20632 + 1?
-20631
In base 5, what is -234110 + -3?
-234113
In base 10, what is 5 + -854553?
-854548
In base 10, what is -12179 + 1?
-12178
In base 15, what is 1 - 2e1?
-2e0
In base 16, what is 21eb5 - b?
21eaa
In base 10, what is 4867 - 46?
4821
In base 11, what is -6478 - -32?
-6446
In base 2, what is -10010010001100100 - -10?
-10010010001100010
In base 8, what is -176 - -541?
343
In base 7, what is 2554050 + -1?
2554046
In base 13, what is -5 - -41cc?
41c7
In base 12, what is 18080 - 2?
1807a
In base 4, what is 213311 + 22111?
302022
In base 6, what is 2042410 - -4?
2042414
In base 10, what is -404 